at is the greatest common divisor of 741038853 and 5787?
1929
What is the greatest common factor of 62 and 184723234?
62
Calculate the highest common factor of 29723260 and 308.
28
What is the highest common factor of 215340479 and 469?
67
What is the greatest common factor of 706 and 683253386?
706
What is the greatest common factor of 18361 and 90902?
301
Calculate the greatest common factor of 5109483 and 1185.
237
Calculate the greatest common factor of 755117 and 65362.
11
What is the highest common factor of 19725 and 897882?
789
Calculate the highest common factor of 51387843 and 52.
13
What is the greatest common divisor of 36324048 and 1824?
912
Calculate the greatest common factor of 2320 and 2980040.
1160
What is the highest common divisor of 105 and 68563775?
35
What is the highest common factor of 347844 and 2436?
84
What is the greatest common divisor of 43049260 and 668?
668
Calculate the highest common factor of 71639624 and 3486.
1162
Calculate the greatest common factor of 862419 and 1751.
103
Calculate the highest common divisor of 126 and 1177954722.
126
What is the greatest common factor of 2041215 and 1081350?
1335
Calculate the highest common factor of 16526075 and 75.
25
Calculate the greatest common factor of 426934619 and 2557.
2557
What is the greatest common factor of 3983504 and 1820?
28
What is the highest common divisor of 868875 and 1215?
15
Calculate the highest common divisor of 108 and 13949955.
27
Calculate the greatest common factor of 1739 and 988677.
37
Calculate the greatest common factor of 1055376 and 61075.
2443
What is the highest common factor of 120209784 and 120?
24
Calculate the highest common factor of 700 and 26750920.
140
What is the highest common factor of 9271 and 760733?
73
Calculate the highest common factor of 10955763 and 81.
27
What is the highest common factor of 4473 and 71516241?
639
Calculate the highest common factor of 467484 and 27708.
12
What is the greatest common factor of 10632454 and 77?
7
What is the highest common factor of 141120070 and 11627?
1057
Calculate the greatest common divisor of 23205450 and 475.
25
What is the highest common divisor of 66297 and 371?
7
Calculate the greatest common factor of 22917011 and 135811.
4381
What is the greatest common factor of 70227 and 513553?
289
What is the greatest common divisor of 45 and 2136210?
15
Calculate the highest common divisor of 16240 and 356294.
58
What is the greatest common divisor of 4 and 24153436?
4
What is the greatest common divisor of 166919562 and 3348?
1674
What is the greatest common divisor of 365163470 and 42?
14
What is the greatest common factor of 154106 and 45356?
58
What is the greatest common divisor of 35147 and 14?
7
What is the greatest common factor of 492737 and 12341?
301
Calculate the greatest common divisor of 1660 and 14499685.
415
What is the highest common divisor of 236183823 and 1559?
1559
What is the highest common divisor of 2941 and 16363205?
173
What is the greatest common factor of 1260 and 1070685?
315
What is the highest common divisor of 11810 and 4540?
10
Calculate the highest common divisor of 375164772 and 6936.
3468
What is the greatest common divisor of 2640 and 9746220?
660
What is the greatest common divisor of 16 and 2826193232?
16
Calculate the highest common divisor of 322907 and 14573.
767
Calculate the highest common divisor of 7275 and 841200.
75
What is the greatest common factor of 9129644 and 9220?
1844
What is the highest common factor of 1265334584 and 757?
757
What is the greatest common factor of 3893 and 1361863?
229
What is the highest common factor of 1488 and 8385252?
372
Calculate the greatest common factor of 9042216 and 240.
24
Calculate the highest common divisor of 1802516 and 2628.
292
Calculate the highest common divisor of 41589044 and 1225.
49
Calculate the greatest common factor of 6601968 and 180.
36
What is the highest common divisor of 71119880 and 2405?
65
Calculate the greatest common factor of 18099 and 91809.
9
What is the greatest common divisor of 14309 and 183434?
41
What is the greatest common factor of 6808 and 2688605?
37
Calculate the greatest common factor of 57708907 and 11493.
1277
What is the highest common divisor of 287 and 28868?
7
Calculate the greatest common factor of 162 and 3005712.
18
Calculate the greatest common factor of 2517 and 13362753.
2517
What is the highest common factor of 736160 and 356096?
3424
What is the highest common factor of 24 and 94449?
3
Calculate the highest common factor of 90698856 and 2280.
456
What is the highest common factor of 48 and 73456?
16
Calculate the greatest common divisor of 3708170 and 9255.
3085
Calculate the highest common divisor of 398472 and 14796.
12
Calculate the greatest common divisor of 6252 and 43786924.
2084
What is the highest common factor of 1881 and 742583061?
1881
Calculate the greatest common divisor of 18 and 1071558.
18
What is the highest common factor of 4732 and 5357807?
1183
What is the greatest common divisor of 4147 and 12033840?
377
What is the greatest common factor of 10 and 9273230?
10
What is the highest common divisor of 55965552 and 48?
48
What is the greatest common divisor of 387658 and 476057?
811
What is the highest common divisor of 1082164 and 104139?
551
Calculate the greatest common divisor of 838 and 1638527992.
838
Calculate the highest common factor of 828435693 and 61.
61
Calculate the greatest common divisor of 63866 and 79629.
11
Calculate the highest common divisor of 2075 and 508177875.
2075
What is the highest common factor of 11030 and 78729934?
2206
What is the highest common factor of 3881024 and 518?
14
Calculate the greatest common factor of 183 and 43472199.
183
What is the highest common divisor of 407141311 and 83?
83
What is the highest common factor of 839270 and 598?
46
What is the greatest common factor of 619969 and 103726?
217
Calculate the highest common divisor of 1185 and 3230130.
15
What is the highest common divisor of 23937 and 182253?
237
Calculate the greatest common factor of 1876 and 111916532.
1876
Calculate the highest common factor of 17763 and 110578686.
573
Calculate the greatest common factor of 3520408 and 31894.
862
What is the greatest common factor of 9418317 and 2199?
2199
What is the highest common factor of 10266 and 9338?
58
Calculate the highest common divisor of 618544 and 195026.
1154
What is the greatest common divisor of 49678464 and 8064?
384
What is the highest common factor of 525 and 19676125?
175
What is the greatest common factor of 3439 and 2213302571?
3439
What is the highest common divisor of 59396425 and 25?
25
Calculate the highest common factor of 29592458 and 14.
14
Calculate the highest common divisor of 96860 and 55958360.
3340
What is the greatest common factor of 43714344 and 13056?
408
Calculate the greatest common divisor of 1708 and 43852900.
1708
Calculate the greatest common divisor of 426 and 1342307895.
213
What is the highest common factor of 9050 and 409950?
50
What is the highest common factor of 43 and 108190666?
43
What is the greatest common divisor of 29475 and 33441?
3
Calculate the highest common factor of 1010912 and 237664.
224
Calculate the highest common divisor of 346969 and 784.
49
Calculate the greatest common factor of 1083 and 21186007.
361
Calculate the highest common divisor of 4790 and 70266905.
2395
Calculate the highest common factor of 1328876076 and 132.
132
What is the highest common divisor of 3864501 and 9?
9
What is the highest common factor of 62245 and 2559430?
1055
Calculate the highest common factor of 140 and 96784240.
140
Calculate the highest common factor of 17465 and 764468.
499
What is the greatest common factor of 394228161 and 54?
27
What is the highest common divisor of 27 and 49416102?
27
What is the greatest common divisor of 28248842 and 290?
58
Calculate the greatest common divisor of 7920581 and 3431.
47
Calculate the greatest common divisor of 173826 and 493.
29
What is the highest common factor of 15279718 and 10?
2
Calculate the greatest common factor of 624 and 147962685.
39
Calculate the highest common factor of 1788864 and 5775.
231
Calculate the highest common divisor of 11205 and 157700.
415
What is the 